{"id":7122,"date":"2020-05-11T23:25:36","date_gmt":"2020-05-11T21:25:36","guid":{"rendered":"https:\/\/ms.cws-hof.de\/?page_id=7122"},"modified":"2025-10-01T18:58:41","modified_gmt":"2025-10-01T16:58:41","slug":"berufsberatung","status":"publish","type":"page","link":"https:\/\/ms.cws-hof.de\/?page_id=7122","title":{"rendered":"Berufsberatung"},"content":{"rendered":"\n<p><strong>Deine Berufsberatung hilft dir:<\/strong><\/p>\n\n\n\n<ul class=\"wp-block-list\">\n<li>den richtigen Beruf f\u00fcr dich zu finden<\/li>\n\n\n\n<li>gute Alternativen zu entwickeln<\/li>\n\n\n\n<li>bei der Suche nach Praktika<\/li>\n\n\n\n<li>bei der Suche nach Ausbildungspl\u00e4tzen<\/li>\n\n\n\n<li>mit Tipps zu ansprechenden Bewerbungsunterlagen<\/li>\n\n\n\n<li>bei Fragen zum Besuch von weiterf\u00fchrenden Schulen<\/li>\n\n\n\n<li>die Zeit bis zum neuen Ausbildungsjahr sinnvoll zu \u00fcberbr\u00fccken<\/li>\n<\/ul>\n\n\n\n<p><strong>Deine Berufsberatung\u2026<\/strong><\/p>\n\n\n\n<ul class=\"wp-block-list\">\n<li>hat eine psychologische, p\u00e4dagogische und berufskundliche Aus- und Weiterbildung<\/li>\n\n\n\n<li>hat vielf\u00e4ltige Kontakte zu Betrieben, Kammern, Schulen und Bildungstr\u00e4gern<\/li>\n\n\n\n<li>arbeitet mit anderen Beratungsstellen zusammen<\/li>\n\n\n\n<li>ist neutral und unabh\u00e4ngig<\/li>\n\n\n\n<li>hat langj\u00e4hrige Berufserfahrung<\/li>\n<\/ul>\n\n\n<div class=\"wp-block-image is-style-default\">\n<figure class=\"aligncenter size-large\"><a href=\"https:\/\/ms.cws-hof.de\/wp-content\/uploads\/Bild2025_2-scaled.jpg\"><img loading=\"lazy\" decoding=\"async\" width=\"1024\" height=\"1024\" src=\"https:\/\/ms.cws-hof.de\/wp-content\/uploads\/Bild2025_2-1024x1024.jpg\" alt=\"\" class=\"wp-image-12352\" srcset=\"https:\/\/ms.cws-hof.de\/wp-content\/uploads\/Bild2025_2-1024x1024.jpg 1024w, https:\/\/ms.cws-hof.de\/wp-content\/uploads\/Bild2025_2-300x300.jpg 300w, https:\/\/ms.cws-hof.de\/wp-content\/uploads\/Bild2025_2-150x150.jpg 150w, https:\/\/ms.cws-hof.de\/wp-content\/uploads\/Bild2025_2-768x768.jpg 768w, https:\/\/ms.cws-hof.de\/wp-content\/uploads\/Bild2025_2-1536x1536.jpg 1536w, https:\/\/ms.cws-hof.de\/wp-content\/uploads\/Bild2025_2-2048x2048.jpg 2048w\" sizes=\"auto, (max-width: 1024px) 100vw, 1024px\" \/><\/a><figcaption class=\"wp-element-caption\">Frau Claudia Zernstein<\/figcaption><\/figure>\n<\/div>\n\n\n<p><strong>Postanschrift:<\/strong>&nbsp;&nbsp; Agentur f\u00fcr Arbeit Bayreuth-Hof, 95027 Hof<\/p>\n\n\n\n<p><strong>Besucheradresse:<\/strong>&nbsp;&nbsp; \u00c4u\u00dfere Bayreuther Stra\u00dfe 2, 95032 Hof<\/p>\n\n\n\n<p><strong>Terminvereinbarung: <\/strong>\u00a0unter 0800 4 5555 00 (dieser Anruf ist kostenlos) oder 09281 \/ 785 910-420<\/p>\n\n\n\n<p><strong>E-Mail:<\/strong> <a href=\"mailto:Claudia.Zernstein2@arbeitsagentur.de\" target=\"_blank\" rel=\"noreferrer noopener\">Claudia.Zernstein2@arbeitsagentur.de<\/a><\/p>\n\n\n\n<p><strong>Internet<\/strong>: <a href=\"http:\/\/www.arbeitsagentur.de\/\" target=\"_blank\" rel=\"noreferrer noopener\">www.arbeitsagentur.de<\/a><\/p>\n\n\n\n<p><\/p>\n\n\n\n<p><\/p>\n","protected":false},"excerpt":{"rendered":"<p>Deine Berufsberatung hilft dir: Deine Berufsberatung\u2026 Postanschrift:&nbsp;&nbsp; Agentur f\u00fcr Arbeit Bayreuth-Hof, 95027 Hof Besucheradresse:&nbsp;&nbsp; \u00c4u\u00dfere Bayreuther Stra\u00dfe 2, 95032 Hof Terminvereinbarung: \u00a0unter 0800 4 5555 00 (dieser Anruf ist kostenlos) oder 09281 \/ 785 910-420 E-Mail: Claudia.Zernstein2@arbeitsagentur.de Internet: www.arbeitsagentur.de<\/p>\n","protected":false},"author":51,"featured_media":0,"parent":0,"menu_order":0,"comment_status":"closed","ping_status":"closed","template":"","meta":{"footnotes":""},"class_list":["post-7122","page","type-page","status-publish","hentry"],"_links":{"self":[{"href":"https:\/\/ms.cws-hof.de\/index.php?rest_route=\/wp\/v2\/pages\/7122","targetHints":{"allow":["GET"]}}],"collection":[{"href":"https:\/\/ms.cws-hof.de\/index.php?rest_route=\/wp\/v2\/pages"}],"about":[{"href":"https:\/\/ms.cws-hof.de\/index.php?rest_route=\/wp\/v2\/types\/page"}],"author":[{"embeddable":true,"href":"https:\/\/ms.cws-hof.de\/index.php?rest_route=\/wp\/v2\/users\/51"}],"replies":[{"embeddable":true,"href":"https:\/\/ms.cws-hof.de\/index.php?rest_route=%2Fwp%2Fv2%2Fcomments&post=7122"}],"version-history":[{"count":2,"href":"https:\/\/ms.cws-hof.de\/index.php?rest_route=\/wp\/v2\/pages\/7122\/revisions"}],"predecessor-version":[{"id":12354,"href":"https:\/\/ms.cws-hof.de\/index.php?rest_route=\/wp\/v2\/pages\/7122\/revisions\/12354"}],"wp:attachment":[{"href":"https:\/\/ms.cws-hof.de\/index.php?rest_route=%2Fwp%2Fv2%2Fmedia&parent=7122"}],"curies":[{"name":"wp","href":"https:\/\/api.w.org\/{rel}","templated":true}]}}