{"id":3758,"date":"2019-12-13T00:54:24","date_gmt":"2019-12-12T23:54:24","guid":{"rendered":"https:\/\/ms.cws-hof.de\/wp-content\/uploads\/Umwelt-2019-4.jpg"},"modified":"2019-12-13T01:22:35","modified_gmt":"2019-12-13T00:22:35","slug":"umwelt-2019-4","status":"inherit","type":"attachment","link":"https:\/\/ms.cws-hof.de\/?attachment_id=3758","title":{"rendered":"Umwelt 2019 4"},"author":51,"featured_media":0,"comment_status":"closed","ping_status":"closed","template":"","meta":[],"class_list":["post-3758","attachment","type-attachment","status-inherit","hentry"],"description":{"rendered":"<p class=\"attachment\"><a href='https:\/\/ms.cws-hof.de\/wp-content\/uploads\/Umwelt-2019-4-e1576194873515.jpg'><img loading=\"lazy\" decoding=\"async\" width=\"199\" height=\"300\" src=\"https:\/\/ms.cws-hof.de\/wp-content\/uploads\/Umwelt-2019-4-e1576194873515-199x300.jpg\" class=\"attachment-medium size-medium\" alt=\"\" srcset=\"https:\/\/ms.cws-hof.de\/wp-content\/uploads\/Umwelt-2019-4-e1576194873515-199x300.jpg 199w, https:\/\/ms.cws-hof.de\/wp-content\/uploads\/Umwelt-2019-4-e1576194873515.jpg 425w\" sizes=\"auto, (max-width: 199px) 100vw, 199px\" \/><\/a><\/p>\n"},"caption":{"rendered":"<p>Der Vorsitzende des Landesbund f\u00fcr Vogelschutz (LBV) Herr Dr. Norbert Sch\u00e4ffer \u00fcberreicht die Urkunde.<\/p>\n"},"alt_text":"","media_type":"image","mime_type":"image\/jpeg","media_details":{"width":425,"height":640,"file":"Umwelt-2019-4-e1576194873515.jpg","sizes":{"medium":{"file":"Umwelt-2019-4-e1576194873515-199x300.jpg","width":199,"height":300,"mime_type":"image\/jpeg","source_url":"https:\/\/ms.cws-hof.de\/wp-content\/uploads\/Umwelt-2019-4-e1576194873515-199x300.jpg"},"thumbnail":{"file":"Umwelt-2019-4-e1576194873515-150x150.jpg","width":150,"height":150,"mime_type":"image\/jpeg","source_url":"https:\/\/ms.cws-hof.de\/wp-content\/uploads\/Umwelt-2019-4-e1576194873515-150x150.jpg"},"post-thumbnail":{"file":"Umwelt-2019-4-e1576194873515-425x372.jpg","width":425,"height":372,"mime_type":"image\/jpeg","source_url":"https:\/\/ms.cws-hof.de\/wp-content\/uploads\/Umwelt-2019-4-e1576194873515-425x372.jpg"},"twentyfourteen-full-width":{"file":"Umwelt-2019-4-e1576194873515-425x576.jpg","width":425,"height":576,"mime_type":"image\/jpeg","source_url":"https:\/\/ms.cws-hof.de\/wp-content\/uploads\/Umwelt-2019-4-e1576194873515-425x576.jpg"},"full":{"file":"Umwelt-2019-4-e1576194873515.jpg","width":425,"height":640,"mime_type":"image\/jpeg","source_url":"https:\/\/ms.cws-hof.de\/wp-content\/uploads\/Umwelt-2019-4-e1576194873515.jpg"}},"image_meta":{"aperture":"0","credit":"","camera":"","caption":"","created_timestamp":"0","copyright":"","focal_length":"0","iso":"0","shutter_speed":"0","title":"","orientation":"0","keywords":[]}},"post":null,"source_url":"https:\/\/ms.cws-hof.de\/wp-content\/uploads\/Umwelt-2019-4-e1576194873515.jpg","filename":"Umwelt-2019-4-e1576194873515.jpg","filesize":48847,"_links":{"self":[{"href":"https:\/\/ms.cws-hof.de\/index.php?rest_route=\/wp\/v2\/media\/3758","targetHints":{"allow":["GET"]}}],"collection":[{"href":"https:\/\/ms.cws-hof.de\/index.php?rest_route=\/wp\/v2\/media"}],"about":[{"href":"https:\/\/ms.cws-hof.de\/index.php?rest_route=\/wp\/v2\/types\/attachment"}],"author":[{"embeddable":true,"href":"https:\/\/ms.cws-hof.de\/index.php?rest_route=\/wp\/v2\/users\/51"}],"replies":[{"embeddable":true,"href":"https:\/\/ms.cws-hof.de\/index.php?rest_route=%2Fwp%2Fv2%2Fcomments&post=3758"}]}}

<p>Der Vorsitzende des Landesbund für Vogelschutz (LBV) Herr Dr. Norbert Schäffer überreicht die Urkunde.</p>
